ppose -4*d + 1216 = 5*l, -163*l + 160*l = -2*d - 712. Calculate the greatest common divisor of 165 and l.
15
Suppose 0 = 20547*n - 20558*n + 4928. Calculate the highest common divisor of 3024 and n.
112
Suppose v + 2006 + 703 = 5*z, 1053 = 2*z + 3*v. What is the greatest common factor of 95 and z?
5
Let d be 36/20*35/21. Suppose 7*h = 3*h + 3*s + 31, 0 = -2*h + d*s + 11. Suppose -3*y + 122 = -a, 0 = a + 2 - 0. What is the greatest common divisor of h and y?
10
Let h = -16 + 20. Let l be 2/(h + -1 + (-355)/120). Suppose g - 30 = -4*g. What is the highest common divisor of l and g?
6
Let w = 44 + -29. Let q be (-5)/(-25) - (-3)/(-15). Suppose -5 = -m - q. What is the highest common divisor of m and w?
5
Let i be ((440/(-33))/(0 - -2))/(29/(-261)). Let c = 3 - 2. Suppose 3*j - 35 = c. Calculate the highest common divisor of i and j.
12
Let s(r) = 32*r + 356. Let a be s(-11). What is the highest common factor of 4500 and a?
4
Let u be 2 - (0 - (-8)/(-2))/2. Let x be 4 + (-16)/u + 16. What is the highest common divisor of x and 2?
2
Suppose 3*k - 2*p - 2 = 0, -2*p = k + 2*k - 22. Let n be (766/4 - 7) + (-2)/k. Calculate the greatest common factor of n and 230.
46
Suppose 61 = -2*z - 31. Let b be (16/(-28) - z/7)/2. Suppose -o + 2*o - 17 = 4*s, -36 = -b*o - 3*s. Calculate the greatest common divisor of o and 143.
13
Let z(l) = l**3 - l**2 - 2*l + 2. Let h be z(2). Let p be (0 - 92/(-6))*(-27)/(-18). Suppose -19 - p = -h*d. Calculate the greatest common factor of d and 7.
7
Let n be (18/24)/((-2)/24). Let l be 4 + (112/(-12))/(4/n). What is the greatest common divisor of 45 and l?
5
Let p be ((-22)/(-6))/(29/2088). What is the greatest common factor of p and 3828?
132
Let a = -6417 + 6772. Calculate the highest common factor of 1136 and a.
71
Let q(w) be the first derivative of -13*w**2 - 26*w - 60. Let s be q(-2). Calculate the greatest common divisor of s and 39.
13
Let p = 3174 - 3148. Calculate the greatest common divisor of 754 and p.
26
Let b = 167 + -171. Let m be (0 - (-5 - b))/(7/616). What is the highest common factor of m and 1144?
88
Let j be 5/(-300)*-12 + 8256/20. What is the highest common factor of j and 531?
59
Let n(d) = 90 - 32 + 58 + d**2 - 33*d. Let f be n(38). What is the highest common factor of 34 and f?
34
Let x(y) = y**3 + 23*y**2 - 39*y - 180. Let q be x(-24). What is the highest common factor of 114 and q?
6
Let j be (-21)/(-12 - (-2761)/231). What is the highest common divisor of 133 and j?
7
Let x(a) = -2*a - 13. Let o(v) = v**3 - 4*v**2 + 4*v - 21. Let p be o(5). Suppose p + 8 = -4*u. Let k be x(u). What is the greatest common divisor of 60 and k?
3
Let c be (-214)/(-13) + (4368/(-338))/28. Calculate the greatest common divisor of 100 and c.
4
Let o = 794 + -316. Let m = o - 380. What is the greatest common factor of m and 343?
49
Let z be 3*-2 + 19 + -16 - -137. What is the highest common factor of z and 3886?
134
Suppose -5*o + 65 = d, 244 = 5*d + 4*o - 6*o. Let j be ((-30)/6)/((-1)/3). Let k = j + 10. What is the highest common factor of k and d?
25
Suppose -6*d - 456 = -1518. What is the greatest common factor of d and 413?
59
Let c be (-4 - -1)/((-1)/(-243)). Let v = -495 - c. Let t be -18*22/154*-7. What is the greatest common factor of t and v?
18
Let g = 4297 + -2957. What is the highest common divisor of g and 80?
20
Let a(q) = -25*q - 276. Let h be a(-92). What is the greatest common factor of 72 and h?
8
Let t = -26 + 26. Suppose t = 3*p - 0*q + 2*q - 405, 2*q - 272 = -2*p. Calculate the greatest common factor of 38 and p.
19
Let g(k) = -245*k + 170. Let s be g(-7). Calculate the greatest common divisor of s and 58.
29
Suppose 2*p - 22 - 20 = 0. Let v(w) = 0*w + 4*w**2 - 18 + p + 3*w. Let a be v(-3). Calculate the greatest common factor of a and 20.
10
Let i(u) = -2*u**2 + 158*u - 148. Let n be i(41). What is the highest common divisor of n and 42?
14
Suppose 42 = 4*z - 5*m, -7*m + 4*m - 14 = -z. Let a = z + -47. Let u = 60 + a. Calculate the highest common divisor of u and 14.
7
Let r(a) = -a**3 + 56*a**2 - 531*a + 147. Let x be r(44). What is the greatest common factor of 141 and x?
3
Let p = -6460 - -6510. Let u(s) = 5*s + 1. Let o(d) = -d - 1. Let z(f) = -6*o(f) - u(f). Let w be z(5). What is the highest common divisor of w and p?
10
Let y = -2496 - -2532. Calculate the greatest common factor of y and 156.
12
Let f be (((-33)/6)/11)/(1/(-2)). Let j be 78/39 + (48 - (f - -1)). Calculate the highest common factor of j and 336.
48
Let q(r) = -11*r**2 + 9*r + 17. Let j(m) = 13*m**2 - 9*m - 18. Let s(v) = 6*j(v) + 7*q(v). Let g be s(-11). What is the greatest common factor of 11 and g?
11
Let a = 37 - -9. Suppose 735 = a*l - 41*l. Let v = -87 + l. What is the greatest common factor of 20 and v?
20
Let u = -492 + 1087. Suppose h + 3*k - 102 = 0, 5*h + 0 - u = 2*k. What is the greatest common divisor of h and 13?
13
Let j be (-202)/(-3) - (-4)/6. Let q be (167 + -2)*231/693 - -13. What is the highest common factor of q and j?
68
Suppose -22 = u - 80. Let k be (-232)/(-6)*-3*(-16 - (-1166)/88). Calculate the highest common divisor of k and u.
29
Let y be (8/6)/(4/(-18))*-1. Suppose 0*t + y = b + 4*t, 10 = 5*t. Let k be -1 - -107 - (-1 - b). Calculate the greatest common factor of k and 21.
21
Let c be 9472 - (-1 - 19) - 24. What is the highest common factor of 36 and c?
36
Suppose 0 = 71*z + 70614 - 290004. Calculate the greatest common factor of z and 60.
30
Let j = 11768 + -9988. What is the greatest common divisor of j and 560?
20
Suppose -9*o + 299 = -8*o + 4*w, -5*w - 663 = -2*o. Calculate the greatest common divisor of o and 377.
29
Let k be 23/((-115)/20)*1*-756. Calculate the highest common divisor of 798 and k.
42
Let v = -27671 - -27753. Calculate the highest common divisor of 7462 and v.
82
Let a = 8177 + -7071. What is the highest common factor of 4 and a?
2
Let s(v) = -v**3 - 23*v**2 + v + 39. Let a be s(-23). Suppose -l = 4*o - 97, -14*l - 19 = -o - a*l. Calculate the highest common factor of o and 100.
25
Let q be 1*(-232)/(-8) + 17. Let o(g) = 7*g**2 - 2*g + 1. Let p be o(1). Calculate the highest common factor of q and p.
2
Let b = 23 + -38. Let u(y) = -y + 5. Let h be u(b). Let a(i) = 2*i - 28. Let d be a(h). Calculate the highest common divisor of d and 16.
4
Suppose -g - 871 = -1755 + 767. Let z be (1/3)/((-1)/(-75)). Let m = -16 + z. What is the highest common factor of m and g?
9
Suppose 159 = -z + 159. Suppose z = -4*j + 34 + 78. Calculate the highest common factor of j and 56.
28
Let k be 1394/(18/9) + 10. What is the highest common divisor of 35 and k?
7
Let p = -1090 - -1112. Calculate the highest common divisor of 924 and p.
22
Suppose 195 = 3*n - 5*l, n + 2*l - 45 = 20. Let b = 74 - n. Suppose 344 = 4*k - 4*o, k = -2*k - 4*o + 223. What is the highest common divisor of k and b?
9
Let s(n) = 8*n**2 + 31*n + 357. Let m be s(-8). What is the greatest common divisor of m and 135?
27
Suppose 0*l + 3*l - 215 = 5*j, -2*l = 5*j - 135. Suppose 58 - 70 = -6*p. Suppose -68 = -p*c - 12. Calculate the highest common factor of c and l.
14
Let o = -219 + 483. Suppose -9*t + 3*t = -o. Let u = -36 + t. Calculate the highest common divisor of 1 and u.
1
Suppose -22 = -5*l + 2*k, 0*k + 3*k + 15 = 3*l. Let c = 13443 - 13423. Calculate the greatest common factor of c and l.
4
Let m = 4276 - 2674. What is the highest common divisor of m and 18?
18
Let k(p) = -44*p. Let g be k(-3). Let l(n) = n**3 + 8*n**2 - 4*n + 4. Let c be l(-5). What is the highest common factor of g and c?
33
Let j(v) = -v**3 - 3*v**2 - v + 3. Let p be j(-6). Suppose -51 = -5*q - 16. Suppose -156 = -5*a - q*a. What is the highest common divisor of p and a?
13
Let g(c) = -16*c - 126. Let y be g(-8). Let v(l) = 64*l**3 + l**2 + l - 1. Let b be v(y). What is the greatest common divisor of b and 47?
47
Suppose -4*g - 1830 = 11*g. Let c = 242 + g. Let z = -7 - -22. What is the highest common divisor of z and c?
15
Suppose 2*b + 680 = -5*a + 12240, 0 = 4*b + 20. Calculate the greatest common factor of a and 178.
178
Suppose -4*x = 2*t - 318, 4*x + 162 = t + 5*x. Suppose -a - 463 = 4*j, 2*j + 224 = -3*a + a. Let v = j + t. Calculate the highest common divisor of 6 and v.
6
Suppose 4*r + 21 = 3*x, 237 = -4*r - 5*x + 304. Suppose 306 = 4*b 